(p).
-8
Let v(i) be the second derivative of i**3/6 + 7*i**2 + i + 169. Let a = -30 + 18. Determine v(a).
2
Let b(z) = z**2 - 11*z - 3. Suppose 14*i - 249 = -81. Give b(i).
9
Let z(r) = -r**2 - 3*r - 1. Let d be (65 - 69)*(-2)/(-4). What is z(d)?
1
Suppose 3*d - 6*d - 12 = -3*y, 2*y = -2*d + 28. Let o(b) = -3*b + 24. Determine o(y).
-3
Let h(b) = 2*b**3 + b - 1. Let a be h(1). Suppose 0 = -y + 4*c - a, 4*y - 5*c = -2*c + 5. Let q(x) = -y*x + 4*x - 3*x + 2*x. Calculate q(-4).
-4
Let f be 15/(45/28) - (-4)/6. Let b(v) = -f + 6 + 1 - v + 5. What is b(7)?
-5
Let o(p) = p**3 - 12*p**2 - 13*p + 5. Let g be o(13). Let s(b) = 13 - 12 - b + g. Determine s(-5).
11
Let m(t) be the second derivative of -36*t - 7/2*t**2 + 1/3*t**3 + 0. Calculate m(5).
3
Let q = 206 - 211. Let w(k) = -k**3 - 3*k**2 + 8*k + 7. What is w(q)?
17
Let v(n) be the third derivative of 3*n**7/280 + n**6/720 - n**4/6 - 5*n**2. Let r(b) be the second derivative of v(b). Calculate r(-1).
26
Let u(o) = o**2 + 2*o + 1. Let p be u(-3). Let c(a) = -3 - p*a - 3 + 6*a + 4. Give c(-2).
-6
Let r(x) = 3*x - 17. Let h(m) = -3*m + 16. Let f(s) = 6*h(s) + 7*r(s). Let t be f(6). Let d(p) = -p - 7. Determine d(t).
-2
Let y = 10 + -5. Suppose -13*u + y*u = -80. Let t = u + -4. Let z(x) = -x**3 + 5*x**2 + 5*x + 3. Determine z(t).
-3
Let c(d) = -d**3 + 3*d**2 + 12*d - 3. Let l(f) = -f**2 + f + 2. Let s(y) = -c(y) + 2*l(y). Determine s(6).
-17
Let m(p) be the first derivative of -4*p**3/3 - 109. Calculate m(-1).
-4
Let y(f) = -50*f**2 - 3 - 6*f - 56*f**2 - 57*f**2 + 162*f**2. Give y(-5).
2
Let u be (-8)/24 - 100/(-3). Let g = u - 53. Let y be (-10)/g + (-3)/2. Let d(x) = 8*x - 1. Calculate d(y).
-9
Let k(q) = 11*q**2 - 9*q + 4. Let t(d) = 5*d**2 - 4*d + 2. Let m(w) = w**2 - 6*w + 1. Let x be m(4). Let z(o) = x*t(o) + 3*k(o). Determine z(3).
-17
Let b(o) be the third derivative of 1/120*o**6 - 1/2*o**3 + 0 + 1/12*o**4 + 0*o**5 + 0*o - 11*o**2. Calculate b(2).
9
Let q(m) be the second derivative of -m**3/3 - 7*m**2/2 - 103*m. Determine q(6).
-19
Let r(o) = o**2 - o - 2. Let w(c) = -7*c**2 + 7*c + 13. Let a(z) = -6*r(z) - w(z). Give a(-2).
5
Let l(n) = 2*n + 4. Let i be (-2 + -1 - -2)*-1. Let q be l(i). Suppose -2*c - q = 2*v, 3*v - 5*c + 21 = -v. Let h(f) = -f**3 - 5*f**2 - 4*f - 2. Determine h(v).
-2
Let f = 32 - 56. Suppose 0 = l - 3, -4*y - l - 9 = 0. Let r be (y/9)/(2/f). Let w(c) = c**2 - 5*c + 4. Determine w(r).
0
Let t(l) = 49*l**3 + 4*l + 13*l**2 + 8*l + 50*l**3 - 98*l**3. What is t(-12)?
0
Let h be 4/(-18) - 32175/(-81). Let v(m) = 3*m**2 - 397*m + h*m - 2. Let z = 2 + -4. Give v(z).
10
Let z(t) be the third derivative of -t**5/20 - t**4/12 + 4*t**2. Let j(b) = 3*b**3 - 22*b**2 + 3*b + 26. Let u be j(7). Calculate z(u).
-8
Let x(o) = o - 4. Let s be (2 - 7/3)*-3. Suppose 4*a - 24 = -4*l, -3*a + 9 + s = l. Suppose 3*c + 14 - 4 = -2*k, -20 = 4*k - a*c. Calculate x(k).
-9
Let k = 35 - 36. Let f(q) = -q**3 + q**2 - q. Let o(p) = -p**3 + 4*p**2 - 6*p + 2. Let x(d) = k*o(d) + 3*f(d). Calculate x(2).
-16
Let u(q) be the second derivative of q**3/2 + q**2/2 - q. Let n = 3 + 0. What is u(n)?
10
Suppose i = 3 - 1. Let f = i + -2. Suppose 0 = -2*q - f*q + 12. Let d(j) = -j**2 + 5*j - 9. Give d(q).
-15
Let n(i) = -2*i - 5. Let g = 346 + -350. What is n(g)?
3
Let z be -5*((-145)/25 - -4) + -7. Let j(v) be the second derivative of v**4/3 - v**3/6 - v**2 - v. Give j(z).
12
Let i(y) be the third derivative of 0 + 0*y + 1/120*y**6 + 9*y**2 + 2/15*y**5 + 0*y**3 + 1/24*y**4. Calculate i(-8).
-8
Let l(t) be the second derivative of t**4/12 - 3*t**2/2 - 3*t. Let d(a) = 36*a + 402. Let n be d(-11). Calculate l(n).
33
Let r(z) = -z**3 + 4*z**2 + 3*z - 1. Let a be 14 + (2 - 1 - -4). Suppose 5*v + x + x = 29, 2*x - a = -3*v. Calculate r(v).
-11
Let w(a) = -92*a + 2 + 1 + 99*a - 5 + 1. Let f be 4/1 + (-2 - 0). Suppose 2 = f*s, 5*b - 9 = -s - 3. Give w(b).
6
Let k = -28 - -30. Let n(a) = 81*a**2 - 11 - 161*a**2 + 79*a**k + 11*a. Determine n(9).
7
Let b(y) = -y**2 + 2*y + 2. Let q = 317 - 314. What is b(q)?
-1
Let j be 15/(14/28*6/2). Let m be ((-3)/15*-5)/(2/j). Let w(c) = c**2 - 4*c - 5. Calculate w(m).
0
Let l(r) be the first derivative of r**4/2 - 70. Calculate l(1).
2
Let m(v) = 24*v - 72*v + 1 + 27*v + 23*v - v**3 + 3. What is m(-3)?
25
Let y be (-1 - -2)*(90/(-5))/(-18). Let g(j) = 17*j**3 + 4*j - 5*j + 1 - j. What is g(y)?
16
Let g(a) = -a + 1. Let q = -30 + 30. Let s be -2 + 9 + q - 0. Give g(s).
-6
Let b(q) = -5*q**2 - 2*q - 6*q + 4*q**2 - 4 + q + 2*q**2. Give b(4).
-16
Let z(u) = u**3 - 3 - 3 - 83*u + 4 + 84*u. Let l = -6 - -8. What is z(l)?
8
Let b(i) = 6 + 10 - i - 4*i**3 + 3*i**3 - 7 + 2*i**3. Let a = 2 - 2. What is b(a)?
9
Let k(h) = -h**2 + 6*h + 6. Suppose 0 = p + 13. Let r = p - -18. Determine k(r).
11
Let f(b) = b**3 - b**2 + b + 6. Let h be f(-2). Let u(v) = -v**3 - 9*v**2 - 8*v - 3. Determine u(h).
-3
Let t(c) = c**3 + c**2 + 19. Let j = -175 + 175. What is t(j)?
19
Suppose 2*r = -2*r + 12. Let d(f) = r + 0 + 0 - 2*f. Let t(n) = n**2 - 16*n - 15. Let c be t(17). Calculate d(c).
-1
Let s(u) = -27*u**2 - 14*u + 1 + 9*u**2 + 0 + 16*u**2. What is s(-10)?
-59
Suppose -3*g + 3 + 6 = 0. Suppose -2*r = -2*x - 3*x + g, 5*r = -2*x + 36. Let z(a) = -1. Let y(i) = -i**2 + 6*i - 10. Let p(m) = y(m) - 5*z(m). What is p(r)?
-5
Let g(u) = -u**2 - 14*u - 17. Let o be g(-12). Let s(p) = -p**3 + 5*p**2 + 12*p + 5. Give s(o).
-9
Suppose 49 + 23 = 4*s. Suppose 0*x + 6*x - s = 0. Suppose 15 = -3*h, 2*h + 27 = -x*c - h. Let j(b) = -b - 5. Calculate j(c).
-1
Let o(c) be the second derivative of -c**6/360 + c**4/6 - c**3/2 + 2*c. Let m(a) be the second derivative of o(a). Suppose -y + 6*y = 0. Determine m(y).
4
Let t(s) = 24*s**2 - 12*s - 5. Let r(x) = -26*x**2 + 9*x + 4. Let f(q) = -4*r(q) - 3*t(q). Calculate f(1).
31
Suppose 5*v + 54 = 3*p - 0*p, -2*p - 5*v + 11 = 0. Let c = -6 + p. Let y = -11 + c. Let o(x) = -2*x - 6. What is o(y)?
2
Let i = 28 - 32. Let m(z) = z**3 + 3*z**2 - 5*z + 2. Let d be m(i). Let f(t) = t. Let v(y) = 4*y + 9. Let q(a) = -5*f(a) + v(a). Determine q(d).
3
Let j(a) = 3*a + 4. Suppose t - 2*t - 5*o - 19 = 0, t = -2*o - 10. Determine j(t).
-8
Let x be -15 + 13 + (0 - 5). Let t(a) = -a. What is t(x)?
7
Let k(g) be the second derivative of -g**5/60 + g**4/24 + 11*g**3/6 + 3*g. Let v(u) be the second derivative of k(u). What is v(3)?
-5
Let n(x) = 281*x - 12*x**3 - 143*x + 1 - 140*x. Let q(g) = 4*g**3 + 2*g - 1. Let h be q(1). Suppose h*v - 3*v = 2. What is n(v)?
-13
Let y(h) = -30*h + 665. Let a be y(22). Let g(k) = -k**3 + 4*k**2 - 2*k + 6. Determine g(a).
-29
Let s(v) = -v**2 - 2*v - 1. Let z be ((-212)/(-8))/((-2)/4). Let b = 25 + z. Let r be b/(-182) - (-41)/(-13). Give s(r).
-4
Suppose -5*x = -3*c - 20, 5*x + 3*c = -0*c + 50. Let z(p) = p - 9. Let n(y) = -y. Let k(d) = n(d) - z(d). Calculate k(x).
-5
Let j(l) = 12*l - 19. Let i be j(2). Let t(w) = 4 + 4 - 2 - 2*w**2 + i*w + 1. What is t(5)?
-18
Let z = 3 - 6. Let d(x) be the first derivative of x**3/3 + x**2 - 3*x - 513. Give d(z).
0
Let i = 992 - 1009. Let s(h) = h**3 + 17*h**2 - 2*h - 40. What is s(i)?
-6
Let w(i) be the first derivative of -i**3/3 + i**2 + 13*i - 433. Determine w(5).
-2
Suppose -2*h - 13 = -1. Let f(k) be the first derivative of k**4/4 + 7*k**3/3 + 5*k**2/2 + 2273. What is f(h)?
6
Let t be (-10 - 10)*2/(-10). Let k(c) be the second derivative of 0*c**3 + 0 + 7*c + 1/4*c**t - 1/2*c**2. Give k(-2).
11
Let n(o) = -o**2 + 7*o - 7. Let m(i) = -i**2 + 4*i + 5. Let j be m(4). Let q(b) = -b + j*b**2 - 2 - 2 + 5. Let t be q(1). Give n(t).
3
Let y(s) be the first derivative of 0*s + 1/120*s**6 + 1/6*s**3 - 1/4*s**4 + 4 + 1/12*s**5 + 2*s**2. Let p(t) be the second derivative of y(t). Determine p(-6).
1
Let y(f) = 4*f + 2. Suppose 0 = 3*x - 11 - 7. Suppose h = x*h - 5. Suppose -5*n + 14 = -h. Calculate y(n).
14
Suppose -62 = 4*d - 10. Let g = 16 + d. Let f(x) = x**g + 2*x**2 + 57 - 59 - x**2. Give f(-2).
-6
Let d(s) be the second derivative of 0 - 17*s + 1/3*s**3 - 3/2*s**2. Suppose 2*g = -11 + 3. Give d(g).
-11
Let x(l) be the second derivative of l**3/2 - l**2/2 - 21*l. Calculate x(0).
-1
Let w(p) = 4*p + 3. Let k(h) = -2*h - 2. Let l(o) = 5*k(o) + 3*w(o). What is l(11)?
21
Let a(c) = 2*c**2 + c + 1. Let n(f) = -f**3 - 18*f**2 - 6*f - 